and x.
15
Let t(d) = 2*d - 19. Let s be t(15). Calculate the greatest common factor of s and 55.
11
Let i(c) = -c**3 - 9*c**2 - 8*c + 12. Let o be i(-8). What is the greatest common divisor of o and 18?
6
Let x(r) = r**3 + r**2 + 2*r + 34. Let b be x(0). Suppose -3*c + 728 = c. Suppose -73 = -5*f + c. What is the greatest common divisor of b and f?
17
Let w = 31 - 18. Calculate the highest common factor of 65 and w.
13
Suppose 2 + 0 = x - c, 3*x + 4*c - 20 = 0. What is the highest common factor of x and 10?
2
Let q(m) = -m**3 - 2*m + 6*m**2 + m - 3*m. Let w be q(4). Let f be 16/(-36)*3*-6. What is the highest common divisor of f and w?
8
Let l(p) = -p - 11. Let w be l(-15). Suppose k + 4*m = -11, -w*k - m = -0*m - 16. What is the highest common divisor of k and 30?
5
Let b = 0 + 15. Suppose 790 = 3*x + 295. Calculate the greatest common divisor of x and b.
15
Let c = -12 + 20. Suppose 3*b - 5 = 1. Let a be b - 4/2 - -24. What is the highest common factor of a and c?
8
Let w(q) = -2*q**2 + 1. Let s be w(-2). Let f = -4 - s. Calculate the highest common divisor of f and 3.
3
Suppose -2*i - 189 = -5*i. Calculate the highest common divisor of 9 and i.
9
Let o = 196 - 276. Let r = o + 145. What is the greatest common factor of 26 and r?
13
Let q = -4 - -6. Let h = -13 + 43. Suppose q*z + z = h. What is the greatest common divisor of 10 and z?
10
Let n(h) = -h**3 - 5*h**2 - 4*h + 3. Let y be n(-4). Let l(o) = 10*o + 5. Let t be l(y). What is the greatest common factor of t and 7?
7
Suppose -4*r = -5*r + 28. Calculate the highest common factor of r and 112.
28
Suppose 3*g = 4*h + 62, 5*h - 101 = -4*g - 8. What is the highest common factor of g and 66?
22
Let a(p) = 2*p**2 + p - 10. Let m be a(-8). Suppose 12 = -5*s + 62. Calculate the greatest common divisor of m and s.
10
Suppose 2*p + p + 3 = 0. Let n be 5 + p + 1/(-1). Suppose 0 = 4*s - m - n*m - 112, -3 = 3*m. Calculate the highest common factor of s and 3.
3
Suppose 3*y = 4*b - y, 0 = -b - y + 2. Suppose -10 = -u + b. Let m be -2*-1*5/10 + 21. Calculate the greatest common factor of u and m.
11
Let o(d) = d**2 + 14*d - 22. Let c be o(-16). Let b = c - -1. What is the highest common factor of b and 44?
11
Let r be (-11)/(11/(-48)) - 3. Let p = 2 - 3. Let n be (6/8)/(p/(-24)). What is the highest common divisor of r and n?
9
Suppose -3*r - o = -5*o + 12, 0 = -4*r + 2*o - 6. Let j be r + 7/1 + 1. Let h(u) = -5*u + 14. Let t be h(-10). Calculate the greatest common factor of t and j.
8
Suppose -2 = 4*p - 2*i, -6*p = -p + 4*i - 30. Suppose -h = -9 + p. What is the highest common divisor of h and 77?
7
Let y = 10 - 4. Let n be y + (-1 - (-1 - -2)). What is the greatest common divisor of n and 6?
2
Let j = 19 - -89. Let m be 1/(((-42)/72)/(-7)). What is the highest common divisor of j and m?
12
Let v be (3 + -2)*(-1 - -13). Let p = 36 + -24. Calculate the greatest common factor of p and v.
12
Suppose -2*l - 6 = -5*l. Suppose -4*a + a - 72 = -5*d, -3*a = l*d - 12. Suppose 5*k - 28 = -u, 7 = 2*k - 3. What is the highest common factor of d and u?
3
Suppose 9*q - 12 = 5*q. Let y be 1 + (q - 5) - -47. Calculate the highest common factor of y and 115.
23
Suppose -9*s + 8*s = -77. Calculate the highest common divisor of 11 and s.
11
Suppose -2*p = p, 5*z + 5*p - 240 = 0. Suppose -z = 2*s - j - 223, s - 85 = j. What is the greatest common divisor of s and 10?
10
Let v be (-2)/2*-3 + (-7)/7. Calculate the highest common divisor of 50 and v.
2
Suppose 4*h = 4*i - i, 0 = -4*i + 2*h + 10. Let u be (i + -7)*(-44)/6. Calculate the greatest common divisor of u and 110.
22
Let d(i) = -i**3 - 10*i**2 - 11*i - 12. Let v be d(-9). Let a(b) = 2*b - 8. Let h be a(v). What is the greatest common divisor of h and 8?
4
Suppose 170 = 3*h - 5*o, -o = 2*h - 32 - 77. What is the highest common divisor of 11 and h?
11
Let x(d) = -11*d + 1. Let u be x(-4). Let a = -32 + u. Let s = 21 - 8. What is the highest common divisor of s and a?
13
Suppose 5*f + 10 = -5*y, f + 0 = y - 2. Let w be 0*((-2)/f + 0). Suppose x = -5*k + 76, -5*x - 4*k + 443 = -w*k. What is the highest common factor of 13 and x?
13
Suppose -c = 5*g - 242, -g + 2*c + 37 = 6*c. Calculate the greatest common factor of 7 and g.
7
Suppose -124 = -5*i + 106. Suppose 4*o - 14 = 4*z - i, -z - 3*o = 8. What is the greatest common divisor of z and 1?
1
Suppose 1423 = -13*c + 3841. Calculate the greatest common divisor of c and 62.
62
Let f(p) = 10*p**2 - 3*p - 1. Let x be f(-2). Let a be -1*8/(-2) + 1. What is the highest common divisor of a and x?
5
Let x = 63 + -23. Calculate the highest common factor of 10 and x.
10
Suppose 3*t + 25 = 2*t. Let s be 2/((30/t)/(-6)). Suppose -2*u - 3*u + 10 = 0. What is the greatest common factor of s and u?
2
Let n be 28*((-4)/(-8))/1. Let c = -10 + n. Calculate the greatest common factor of c and 12.
4
Let g(k) = -k**3 - 4*k**2 - 2*k - 3. Let f be g(-6). Let o be 1/(1 + (-5)/10). Let d be o/(-6) + (-1066)/(-39). Calculate the greatest common factor of d and f.
27
Let d be 2/(134/44 + -3). Let w = d + -26. What is the greatest common divisor of w and 27?
9
Let n(t) = -t**3 - 7*t**2 - t - 3. Let s be n(-7). Suppose -q + v + s = -2*v, v = -3*q + 22. What is the highest common factor of 63 and q?
7
Let y = -29 - -56. Calculate the greatest common divisor of 243 and y.
27
Let q = 9 + 21. What is the highest common factor of 50 and q?
10
Let q(c) = -c**3 + 6*c**2 + 7*c - 4. Let d be q(7). Let o(j) = -j**3 - 2*j**2 + j + 2. Let f be o(d). What is the greatest common factor of f and 15?
15
Let f be -3 - -33*1 - 4. Suppose -1 = -k, -3*p - 2*k = -0*k - 626. Calculate the greatest common factor of p and f.
26
Let u(q) = -q**3 - 13*q**2 + 12*q - 13. Let z be u(-14). Calculate the highest common divisor of z and 15.
15
Let g be 1 + -2 + 7/1. Suppose 26*n = -132 + 1848. What is the greatest common divisor of n and g?
6
Suppose 9*l + 89 - 287 = 0. Suppose 3*c = 4*c - 4*s - 59, 160 = 3*c + 5*s. Calculate the highest common factor of c and l.
11
Suppose -3 = -3*j, -3*v + 11 = -3*j + 2*j. Let u be (6/v)/((-2)/12). Let s = 15 + u. Calculate the greatest common factor of s and 1.
1
Let d(j) = -117*j - 2. Let o be d(-2). What is the greatest common factor of o and 29?
29
Let t = 203 + -294. Let y = -10 - t. Calculate the greatest common divisor of y and 54.
27
Let k(b) = 1. Let n(t) = -33*t**2 + t + 1. Let d(g) = 3*k(g) - n(g). Let h be d(2). Calculate the highest common divisor of h and 12.
12
Suppose 4*w - 7 = 9. Let u(q) = -q**3 + 5*q**2 - 4. Let d be u(w). What is the highest common factor of 12 and d?
12
Suppose 10 = s - 5*a, 0*s = s - 4*a - 8. Suppose 0 = -n + 4*b + 38, -5*n + s*b + 145 = -5*b. What is the greatest common divisor of 39 and n?
13
Let k be (-57)/12 + 2/(-8). Let w be (-1 - k) + 2/2. What is the highest common divisor of 40 and w?
5
Suppose z - 212 = 4*m + 2*z, 0 = -5*m - 3*z - 265. Let d be (7/14)/((-1)/236). Let j = m - d. Calculate the highest common factor of 13 and j.
13
Let l(y) = -y**3 + 10*y**2 + 3*y - 15. Let v be l(10). What is the highest common divisor of 3 and v?
3
Let n(c) = 11*c**2 - 8*c - 21. Let m be n(-4). Calculate the greatest common divisor of 17 and m.
17
Let z(v) = v**2 - 4*v + 18. Let y be z(4). Calculate the highest common divisor of y and 6.
6
Let w be ((-18)/4)/((-9)/24). What is the highest common factor of 36 and w?
12
Suppose 4*a + 4*z = 12, 3*z - 5 = -a + 4*z. Let m be (-1197)/14*a/(-6). What is the highest common divisor of 19 and m?
19
Suppose -2*f + 228 + 8 = 0. Suppose -k + 22 = -3*w - 225, w = 2*k - 79. Let h = w + f. Calculate the highest common divisor of h and 5.
5
Let y be ((-18)/7)/(3/(-21)). Calculate the highest common divisor of 12 and y.
6
Suppose -5*g = 0, 0 = 2*k + 3*k + g - 50. Let v(o) = -2*o**3 - 7*o**2 - 7*o - 4. Let n be v(-4). What is the greatest common divisor of k and n?
10
Let n(t) = -6*t - 1. Let m be n(-3). Calculate the highest common factor of m and 119.
17
Suppose 0 = 3*v + 18 - 63. What is the highest common divisor of 3 and v?
3
Suppose -2*a - 7 = -15. Let n be (0/(-4))/(2 - a). Suppose n*l - 32 = -2*l. What is the highest common factor of 4 and l?
4
Let c be (18/(-24))/(1/(-156)). Calculate the greatest common factor of 13 and c.
13
Suppose 4*p = -5*g + 35, 4*g - 5*p + 0*